ed by 317.
190
Let i = 19357 - 19287. What is the remainder when 6715 is divided by i?
65
Let l = 1394 - 931. Suppose 109 = 26*z - l. What is the remainder when 152 is divided by z?
20
Let z(q) = -16*q + 1. Let t(i) = i**3 + 9*i**2 + 159*i + 1704. Calculate the remainder when z(-3) is divided by t(-10).
7
Let j = -9122 + 9181. What is the remainder when 933 is divided by j?
48
Let p = -34 + 36. Let b(w) = -6 + 35*w**2 + w**3 - 6*w + 0*w - 37*w**p. Calculate the remainder when b(5) is divided by 11.
6
Suppose -3*a + 3*s + 57 = 2*s, 19 = a - 3*s. What is the remainder when a is divided by 1320/(-726)*(-11)/2?
9
Let m = -77 - -70. Calculate the remainder when (-221*m/(-14))/((-1)/2) is divided by 28.
25
Let p(m) = -2*m**2 + 50*m - 197. What is the remainder when 2281 is divided by p(19)?
18
Suppose 4*w = 5*w - 14. Suppose 3*z + w - 47 = 0. Suppose -z*j + 184 + 344 = 0. Calculate the remainder when j is divided by 17.
14
Let w(n) = 16*n**2 + 45*n - 31. Let g(u) = -6*u**2 - 15*u + 10. Let v(a) = 11*g(a) + 4*w(a). What is the remainder when 19 is divided by v(6)?
3
Suppose -5*t + 4*z = 93, t + 2*z + 2 = -11. Let d = t - -54. Let j(y) = y**3 - 13*y**2 + 37*y + 1. Calculate the remainder when d is divided by j(9).
7
Suppose 4*u = 1836 - 132. Suppose 7*w - u = 568. What is the remainder when w is divided by 29?
26
Calculate the remainder when 71/(-568) + (-16659)/(-24) + 0 is divided by 55.
34
Let h be 20/6 + (-23)/69. What is the remainder when 2*((-15)/6)/(-5)*63 is divided by ((-1)/h + 1)/((-2)/(-105))?
28
Suppose -8*y = -18*y + 40*y - 33420. What is the remainder when y is divided by 161?
148
Calculate the remainder when (-687)/(-4) + (-1)/(-4) is divided by ((-9)/(-15))/((-21)/(-1085)).
17
Suppose -5*u + l + 12 = -4*u, -36 = -2*u - l. Suppose 4*m - 20 = 0, 4*d - 53 = 3*m - u. Calculate the remainder when 246 is divided by d.
12
Suppose 0 = -3*t - 1 + 13. Suppose -t*d + 39 + 37 = 0. Suppose -2*k - 5*p = -89 - 27, 0 = 4*k - 3*p - 206. Calculate the remainder when k is divided by d.
15
Let g(y) = y**3 + 15*y**2 + 11*y - 29. Let x = 70 + 5. Suppose 58 = -4*u - 6*r + 4*r, 5*u + 5*r + x = 0. What is the remainder when g(u) is divided by 2?
1
Let i(l) = 20*l**2 + 203*l - 6. What is the remainder when i(-15) is divided by 6?
3
Let o = -11 - -15. Suppose -2*p + 770 = 736. Suppose 5 = -18*q + p*q, -g + 4*q + 71 = 0. What is the remainder when g is divided by o?
3
Suppose -44 = -11*z - 11. Calculate the remainder when 128/z + 10/(-15) is divided by -1*-2*44/8.
9
Suppose 2*a + 4*h = 3702, 5*h - 5431 - 125 = -3*a. Calculate the remainder when a is divided by 10.
7
Let x be (35/(-10) + 4 - -5)*-80. Let f = -386 - x. What is the remainder when 484 is divided by f?
52
Let i = -3229 + 3241. What is the remainder when 95 is divided by i?
11
Let p = -113 - -188. Suppose -o - 23 = -3*z, -14 + p = 5*z + 4*o. What is the remainder when 31 is divided by z?
4
Suppose 40 = 4*i + 4*a, 2*a + 94 = 4*i + 6. What is the remainder when 374 is divided by i?
14
Suppose 92*a - 88*a = 12. Suppose 3*z = -a*p + 33, -p + 3*z = 3*p - 72. Calculate the remainder when 74 is divided by p.
14
Let d(f) = 5*f - 36. Let o be d(8). Let k(a) = 2*a**2 - a + 2. Calculate the remainder when k(3) is divided by ((-10)/o)/((-5)/12).
5
Suppose 2*o - 395 = -r, -r - 2*o - 1225 = -4*r. Suppose -3*s + 66 + r = 0. Calculate the remainder when s is divided by 32.
29
Let t = 137 + -22. Let h = 58 + t. What is the remainder when h is divided by 0 + 0 + 2 + 42?
41
Suppose 57*v = 155603 + 12148. What is the remainder when v is divided by 8?
7
Suppose -441*f + 423*f + 270 = 0. Let k(i) = 8*i**2 + 4*i + 12. Calculate the remainder when k(-5) is divided by f.
12
Suppose -7 = -p + 12. Suppose 7 = -6*t + p. Suppose -5*h = -2*l - 14, 0 = -4*l + l + t*h + 1. Calculate the remainder when 16 is divided by l.
1
Let l(g) = g**3 - 12*g**2 + 12*g + 27. What is the remainder when 90 is divided by l(11)?
14
Suppose -5*s = 100 + 60. Let h = -30 - s. Calculate the remainder when 150 is divided by 1/((-3)/((-228)/h)).
36
Suppose 5*b + 10 = 0, -2*a + 5*b + 17 = -27. Let s(y) = y + 3. Calculate the remainder when 35 is divided by s(a).
15
Let f = 639 - 369. Let q(v) = 7*v - 11. What is the remainder when q(12) is divided by (2/(-3))/((-36)/f)?
3
Suppose 5*a = 3*n + 116, -8 = 34*n - 30*n. Let d = -62 + 116. Calculate the remainder when d is divided by a.
10
Let v(j) = 9*j**3 - 14*j**2 + 9*j + 2. What is the remainder when 1943 is divided by v(2)?
35
Let f(p) be the third derivative of p**5/60 + 35*p**4/24 + 55*p**3/2 - 4*p**2 - 11. What is the remainder when 1 + (37 - 2)*1 is divided by f(-30)?
6
Let k = 2 - 1. Suppose 0*u + u - 2*a = -k, 7 = 2*u - a. What is the remainder when (-88)/(-440) - (-268)/10 is divided by u?
2
Let b = -389 - -391. Suppose -b = -13*q + 115. What is the remainder when (-127)/(-3) - 2/(-3) is divided by q?
7
Calculate the remainder when 14/(-4)*(6 - 3391 - -7) is divided by 81.
78
Suppose -92*s - 1107 = -95*s. Suppose 291 = 30*m - s. What is the remainder when 61 is divided by m?
17
Let r = 4751 + -4551. What is the remainder when r is divided by 41?
36
Let g = -107 + 109. Suppose 298 = 23*t - 19*t + 2*j, t - g*j = 67. Let p(v) = 14*v**2 + 1. Calculate the remainder when t is divided by p(-1).
13
What is the remainder when 635 is divided by (2 - (1 - -6))/((-968)/9680)?
35
Suppose 19*g = -5882 + 1778. Let d(r) = -79*r**2 - r + 1. Let u be d(1). Let c = u - g. Calculate the remainder when c is divided by 23.
22
Suppose 133 = 21*c - 182 + 21. Calculate the remainder when 52 is divided by c.
10
Suppose 2*p + u - 10 - 8 = 0, p - 5*u = 31. Let b = -2 - -3. What is the remainder when p is divided by b?
0
Suppose 1 = 3*h - 5*n - 34, 5*n = -4*h. Suppose 0*p = -h*p + 3*p. Suppose p*i - 27 = -9*i. Calculate the remainder when 16 is divided by i.
1
Suppose 38*s - 5390 = -39*s. Let u = -363 + 920. Calculate the remainder when u is divided by s.
67
Suppose 5*h + 114 = y, 5*y - 4*h = 360 + 105. Suppose 4*l - 157 + y = 0. What is the remainder when l is divided by 6?
5
Calculate the remainder when 116 is divided by (-195)/(-2)*16/24.
51
What is the remainder when 4/(1/(351/26)) is divided by 31?
23
Suppose l = 4*f - 10, 4*l = 5*f - 0 + 4. Suppose 108 = -q + 4*y, -3*q - 291 = -l*y + 5*y. Let c = -68 - q. What is the remainder when c is divided by 16?
12
Let f = -35 + 39. Suppose 5*u = -5*v, f*v + 3*u = 4*u + 10. Suppose 0 = -v*o + 26 + 40. Calculate the remainder when o is divided by 13.
7
What is the remainder when 337 is divided by 1/(1/133)*((-2160)/(-126))/20?
109
Let t = -1713 + 1793. What is the remainder when t is divided by 33?
14
Suppose -5*n = -2*j + 4684, -3*j + 5*n = j - 9368. What is the remainder when j is divided by 102?
98
What is the remainder when 4719/39 - (2 - 0 - 10) is divided by 60?
9
Let t(x) = -289*x + 5496. Calculate the remainder when t(-28) is divided by 10.
8
Let c = 7673 - 7668. Suppose 0*o - 3 = -o. Suppose -2*q - h = -60, o*h - 72 = -2*q + 5*h. What is the remainder when q is divided by c?
2
Let v(t) = 2*t**2 + 141*t - 1192. What is the remainder when v(8) is divided by (-298)/(-16) + 6/16?
7
Calculate the remainder when (-2703)/(-2) + -3 + 2/8*-2 is divided by 5.
3
What is the remainder when 27 is divided by (-7)/(-56) + (-78)/(-16) - -13?
9
Calculate the remainder when 3 - (-818)/(-15 - -16) is divided by 402.
17
Let d(p) = -p**2 - 2*p + 1946. What is the remainder when 106 is divided by d(-45)?
7
Suppose 2*i = -2*w + 6*w + 292, -3*w + 18 = 0. What is the remainder when i is divided by 62?
34
Let s(i) = -i**3 + 2*i**2 + 170*i + 35. What is the remainder when s(14) is divided by 59?
4
Let u(r) = -r - 2. Let o be u(-7). Suppose 0*c = o*c - 45. Suppose 24*j - 29*j + 6 = 3*n, 0 = 4*j - 3*n - 21. What is the remainder when c is divided by j?
0
Suppose m = 5*m - 16. Let l = -2534 + 2557. Calculate the remainder when m/(-16) + 546/8 is divided by l.
22
Let u(f) = -f**3 + 6*f**2 + 3*f + 7. Calculate the remainder when u(-5) is divided by ((-69)/12 + -11)*(-8)/2 - -2.
60
Suppose n + 52 = 56. Suppose -2*r + 127 = 3*t, r - 12 = n*r. What is the remainder when (-486)/(-24)*4 - -6 is divided by t?
42
Let o = 15301 - 15020. What is the remainder when 893 is divided by o?
50
Suppose -u + 4 = 3*u. Su